when 471 is divided by 95?
91
What is the remainder when 226 is divided by 61?
43
What is the remainder when 529 is divided by 53?
52
Calculate the remainder when 73 is divided by 66.
7
What is the remainder when 794 is divided by 131?
8
Calculate the remainder when 168 is divided by 36.
24
What is the remainder when 2069 is divided by 148?
145
What is the remainder when 1057 is divided by 21?
7
What is the remainder when 4391 is divided by 871?
36
Calculate the remainder when 1291 is divided by 19.
18
Calculate the remainder when 23538 is divided by 220.
218
Calculate the remainder when 306 is divided by 78.
72
What is the remainder when 83 is divided by 27?
2
What is the remainder when 155 is divided by 46?
17
What is the remainder when 203 is divided by 26?
21
Calculate the remainder when 6749 is divided by 50.
49
Calculate the remainder when 169 is divided by 29.
24
What is the remainder when 1902 is divided by 311?
36
What is the remainder when 677 is divided by 10?
7
Calculate the remainder when 6076 is divided by 243.
1
What is the remainder when 656 is divided by 127?
21
What is the remainder when 9372 is divided by 3124?
0
Calculate the remainder when 240 is divided by 56.
16
Calculate the remainder when 772 is divided by 128.
4
What is the remainder when 2057 is divided by 17?
0
Calculate the remainder when 24 is divided by 13.
11
Calculate the remainder when 41 is divided by 34.
7
What is the remainder when 1217 is divided by 53?
51
Calculate the remainder when 7767 is divided by 35.
32
What is the remainder when 10837 is divided by 20?
17
What is the remainder when 171 is divided by 144?
27
What is the remainder when 85 is divided by 38?
9
Calculate the remainder when 26 is divided by 20.
6
What is the remainder when 74 is divided by 7?
4
Calculate the remainder when 416 is divided by 92.
48
What is the remainder when 251 is divided by 21?
20
What is the remainder when 451 is divided by 71?
25
Calculate the remainder when 11351 is divided by 3779.
14
Calculate the remainder when 373 is divided by 22.
21
Calculate the remainder when 32 is divided by 21.
11
What is the remainder when 1193 is divided by 84?
17
What is the remainder when 2276 is divided by 2258?
18
Calculate the remainder when 706 is divided by 143.
134
Calculate the remainder when 2536 is divided by 110.
6
Calculate the remainder when 519 is divided by 252.
15
Calculate the remainder when 1026 is divided by 13.
12
What is the remainder when 1456 is divided by 9?
7
What is the remainder when 570 is divided by 13?
11
Calculate the remainder when 825 is divided by 138.
135
What is the remainder when 258 is divided by 82?
12
Calculate the remainder when 8447 is divided by 57.
11
Calculate the remainder when 474 is divided by 44.
34
What is the remainder when 200 is divided by 121?
79
Calculate the remainder when 895 is divided by 18.
13
Calculate the remainder when 202 is divided by 44.
26
Calculate the remainder when 255 is divided by 44.
35
Calculate the remainder when 31 is divided by 15.
1
Calculate the remainder when 382 is divided by 96.
94
What is the remainder when 79 is divided by 14?
9
What is the remainder when 23 is divided by 2?
1
What is the remainder when 134 is divided by 50?
34
Calculate the remainder when 172 is divided by 34.
2
Calculate the remainder when 153 is divided by 34.
17
Calculate the remainder when 818 is divided by 210.
188
What is the remainder when 1184 is divided by 29?
24
Calculate the remainder when 22287 is divided by 6.
3
Calculate the remainder when 684 is divided by 267.
150
Calculate the remainder when 1116 is divided by 77.
38
Calculate the remainder when 574 is divided by 58.
52
What is the remainder when 38 is divided by 7?
3
What is the remainder when 42 is divided by 36?
6
Calculate the remainder when 303 is divided by 36.
15
What is the remainder when 3503 is divided by 21?
17
What is the remainder when 3661 is divided by 167?
154
What is the remainder when 1076 is divided by 6?
2
Calculate the remainder when 166 is divided by 24.
22
Calculate the remainder when 791 is divided by 114.
107
What is the remainder when 6 is divided by 2?
0
What is the remainder when 176 is divided by 66?
44
Calculate the remainder when 167 is divided by 43.
38
Calculate the remainder when 1647 is divided by 3.
0
What is the remainder when 89 is divided by 12?
5
What is the remainder when 107 is divided by 83?
24
Calculate the remainder when 203 is divided by 51.
50
What is the remainder when 446 is divided by 16?
14
What is the remainder when 255 is divided by 43?
40
What is the remainder when 359 is divided by 45?
44
What is the remainder when 133 is divided by 92?
41
Calculate the remainder when 733 is divided by 8.
5
Calculate the remainder when 262 is divided by 92.
78
What is the remainder when 51 is divided by 9?
6
Calculate the remainder when 147 is divided by 30.
27
What is the remainder when 107 is divided by 28?
23
Calculate the remainder when 3943 is divided by 123.
7
What is the remainder when 756 is divided by 189?
0
Calculate the remainder when 2679 is divided by 8.
7
What is the remainder when 471 is divided by 25?
21
What is the remainder when 149 is divided by 4?
1
What is the remainder when 157 is divided by 23?
19
What is the remainder when 111 is divided by 60?
51
What is the remainder when 284 is divided by 95?
94
What is the remainder when 5379 is divided by 16?
3
Calculate the remainder when 225 is divided by 88.
49
Calculate the remainder when 264 is divided by 18.
12
What is the remainder when 272 is divided by 256?
16
What is the remainder when 98 is divided by 19?
3
What is the remainder when 232 is divided by 84?
64
What is the remainder when 108 is divided by 38?
32
What is the remainder when 203 is divided by 30?
23
What is the remainder when 345 is divided by 29?
26
What is the remainder when 2697 is divided by 41?
32
What is the remainder when 83 is divided by 44?
39
Calculate the remainder when 99 is divided by 10.
9
What is the remainder when 2226 is divided by 44?
26
Calculate the remainder when 432 is divided by 14.
12
What is the remainder when 1871 is divided by 94?
85
What is the remainder when 113 is divided by 20?
13
Calculate the remainder when 2784 is divided by 48.
0
Calculate the remainder when 844 is divided by 37.
30
Calculate the remainder when 1085 is divided by 68.
65
What is the remainder when 124 is divided by 26?
20
What is the remainder when 464 is divided by 118?
110
What is the remainder when 58 is divided by 55?
3
What is the remainder when 689 is divided by 431?
258
What is the remainder when 278 is divided by 194?
84
Calculate the remainder when 13352 is divided by 6.
2
Calculate the remainder when 176 is divided by 17.
6
What is the remainder when 3919 is divided by 98?
97
Calculate the remainder when 317 is divided by 59.
22
Calculate the remainder when 26 is divided by 14.
12
What is the remainder when 3343 is divided by 31?
26
Calculate the remainder when 3285 is divided by 1640.
5
What is the remainder when 669 is divided by 113?
104
Calculate the remainder when 283 is divided by 49.
38
Calculate the remainder when 190 is divided by 48.
46
Calculate the remainder when 228 is divided by 77.
74
Calculate the remainder when 136 is divided by 28.
24
Calculate the remainder when 231 is divided by 17.
10
Calculate the remainder when 503 is divided by 21.
20
Calculate the remainder when 462 is divided by 15.
12
What is the remainder when 439 is divided by 18?
7
What is the remainder when 1248 is divided by 75?
48
What is the remainder when 305 is divided by 9?
8
Calculate the remainder when 15706 is divided by 204.
202
What is the remainder when 45 is divided by 42?
3
Calculate the remainder when 1435 is divided by 28.
7
What is the remainder when 64 is divided by 26?
12
Calculate the remainder when 853 is divided by 60.
13
What is the remainder when 1701 is divided by 46?
45
Calculate the remainder when 213 is divided by 44.
37
What is the remainder when 159 is divided by 8?
7
Calculate the remainder when 214 is divided by 11.
5
Calculate the remainder when 161 is divided by 22.
7
Calculate the remainder when 4486 is divided by 44.
42
What is the remainder when 5 is divided by 3?
2
Ca